ive of -h**2 + 6*h - 127. What is w(4)?
-2
Let g(y) = 3*y**3 - 4*y**2 - 3*y + 2. Let m be g(2). Suppose 3*x + 4*h - 3 = 11, 0 = -m*x + 4*h. Let k(r) = 8*r**2 + 2 - 9*r**x - r - 2*r. Give k(-3).
2
Suppose -7*o + 26 = -20*o. Let b(s) = s**2 + 4*s + 3. Calculate b(o).
-1
Suppose k - 9 = -2*k. Suppose 0 = -2*a + 2*w + 22, 2*a = a - k*w + 7. Suppose -a*s + 14*s = -20. Let u(o) = o**2 + 5*o + 1. What is u(s)?
1
Let w(x) = -3*x - 3. Let f(r) = -2*r - 3. Let y(p) = -4*f(p) + 3*w(p). Suppose 2*o - 3*c = 2 + 34, -2*o - 3*c + 12 = 0. Suppose o - 3 = 3*z. Determine y(z).
0
Let a(q) = 2*q**2 - 1. Let k(t) = 3*t**2 - t - 1. Let g(r) = 5*a(r) - 3*k(r). What is g(-4)?
2
Let w(h) be the third derivative of h**4/12 - h**3 - h**2. Let n(x) = -x**3 - 17*x**2 - 11*x + 85. Let a be n(-16). Calculate w(a).
4
Suppose -y + 2*y + 4 = 4*p, 3*p - 3 = 4*y. Let z(b) be the third derivative of -5*b**2 + y - 1/6*b**3 - 1/24*b**4 - 1/20*b**5 + 0*b. Give z(-1).
-3
Let l = -23 + 1. Let i = 20 + l. Let f(t) = -4*t - 2 + 2. Determine f(i).
8
Suppose 3*l + 0*l - 6 = 0. Let o(i) = 1 + 3*i**2 - i**3 + 3*i**2 - i**l - i. Determine o(5).
-4
Suppose 2*s + 1 - 9 = 0. Let m(c) = 3 - 11*c**2 - s*c**3 + 5*c**3 + 2*c + 6*c**2. What is m(4)?
-5
Suppose m + 3*m - 20 = 0. Let f be 3*1/m*5. Let r(x) = 8*x - 9*x**3 + 1 - f*x**2 - 10*x + 5*x**2. What is r(1)?
-8
Suppose 5*t = -18*t - 6*t - 87. Let n(z) = -2*z**2 + z + 6. Let l(u) = u**2 - u - 3. Let o(q) = -5*l(q) - 3*n(q). Calculate o(t).
0
Suppose -60*g + 234 = -21*g. Let h(y) = -y + 13. Determine h(g).
7
Let x = 5 - 2. Let w(v) = -v - v + 3 + x*v. Let u(a) = 4*a + 69. Let r be u(-19). Determine w(r).
-4
Let g(l) = -12*l - 1. Let r = -310 - -308. Calculate g(r).
23
Let c be (-33)/5 - (-4)/(-10). Let x(o) = o**3 + 9*o**2 + 15*o + 10. Let i be x(c). Let q(p) = -p - 1. What is q(i)?
-4
Let d(j) = 205 + 203 - 2*j**2 - 6*j + j**3 - 405. Determine d(3).
-6
Let f(t) = -4*t - 3. Suppose 113 = 8*n + 25. Suppose -3*c = u - 10, -5*c = -2*u - 13 - n. Determine f(u).
5
Let q be (-1)/(-3 - (-12)/3). Let v be 0 - (0 + 2 - q). Let m(g) = g - 1. Give m(v).
-4
Let b(g) = 3*g + 1. Let p(k) = k + 1. Let m(v) = b(v) - 2*p(v). Let t = 4 - 3. Let n(f) = 4*f - 13. Let i(r) = t*n(r) - 3*m(r). Calculate i(0).
-10
Let y(d) = 4*d + 9. Let h be y(-7). Let l(g) = 2*g + 30. Give l(h).
-8
Let f(g) be the second derivative of g**5/10 + g**4/4 + g**3/6 + 4*g. Let i be f(-2). Let w(y) = 9 + 7*y + y**2 - y**2 + y**2. Calculate w(i).
3
Let h(y) be the second derivative of -1/20*y**5 - 4*y + 1/6*y**4 + 0 - y**2 + 1/2*y**3. Calculate h(3).
-2
Let x = -30 - -30. Suppose x = -4*i + 2 + 2. Let t(o) = -14*o**2 - o + 1. Give t(i).
-14
Let s(p) = p**2 - 14*p - 32. Suppose 0 = 48*r + 62*r - 1760. Determine s(r).
0
Let f(s) = s**3 - 7*s**2 - 2*s + 7. Suppose 5*k + 4*u - 25 = -185, -2*u + 46 = -2*k. Let h be (-204)/k + (-4)/14. What is f(h)?
-7
Let d be 1/((-25)/15 - -2). Let r(g) = 104*g + 2 - 102*g - 1. What is r(d)?
7
Let t be 8/(4/10 - (-574)/615). Let s(g) = -g**3 + 5*g**2 + 3*g - 8. Determine s(t).
-26
Let q be (-12)/(-2)*(-16)/24. Let f be (-30)/(16/q - -2). Suppose -m + 1 - 4 = 3*n, n = 5*m + f. Let c(v) = -v - 1. Give c(n).
-1
Suppose -2*f - 216 = 3*y, 3*y - y + 144 = 2*f. Let n = y + 76. Let v(u) = -5*u + 3*u - u + 2. What is v(n)?
-10
Let v(k) = -k + 0 + 2*k - 21*k**2 - 18*k**2 - 1. Calculate v(1).
-39
Let s(z) = 38*z - 74*z + 34*z - 24. Determine s(-8).
-8
Let c(a) = -a**3 + 43*a**2 + 5*a + 1. Let n(o) = 8*o**2 + o + 1. Let i(g) = c(g) - 5*n(g). Give i(5).
-54
Let x(z) = -11*z - 39. Let b be x(-3). Let m(q) = 5*q + 1. Calculate m(b).
-29
Let w(p) = -p**3 + 3*p**2 + 2*p - 5. Let i = -2679 - -2684. Give w(i).
-45
Let o(j) = 2*j**2 + 7*j - 9. Let p(u) = 0 + 4 + 6 - 8*u - u**2 - 2*u**2. Let l(k) = 4*o(k) + 3*p(k). Let s(q) = -q + 18. Let r be s(14). Give l(r).
-6
Suppose 5*k - 12 = 2*d, -d = -2*k - k + 8. Let v(t) = t**3 - 4*t**2 - 4*t + 4. Calculate v(k).
-12
Let o(q) = -2*q**2 - 10*q**2 + 6 - 8*q + 13*q**2. Determine o(6).
-6
Let l(b) = b + 15. Let j(t) = -4*t - 61. Let s(u) = -2*j(u) - 9*l(u). Calculate s(-4).
-9
Let w(c) = 57 + 6*c - 50 - 3. What is w(-4)?
-20
Let c(l) = -5*l - 4. Let v(u) = -u - 7. Let y(b) = 2*b + 22. Let i(d) = 10*v(d) + 3*y(d). Let r(f) = -5*c(f) + 6*i(f). What is r(4)?
0
Let z(s) = s**2 - 15*s - 10. Let r be z(16). Suppose v - 2*d + r = -4*d, 4*v = 2*d - 4. Let m(k) = 3*k - 2 + k + 4 + 0*k. What is m(v)?
-6
Let m(l) = 2*l**2 + 3*l. Let n(h) = -h**2. Let v(g) = m(g) + n(g). Let x be v(-3). Let d(y) = y + 11. What is d(x)?
11
Suppose -w = w. Let r = -6 + w. Let z(u) = -3401 + 0*u**2 - 3*u + 3408 + 0*u**2 - u**2 - u. Give z(r).
-5
Let u(i) = -i**3 + 7*i**2 + 5*i + 16. Suppose s + 8 - 16 = 0. Let q be u(s). Let b(m) = -m**2 - 8*m - 3. What is b(q)?
-3
Let c(b) = -4*b**3 + 19*b**2 - 6*b + 3. Let u(i) = 3*i**3 - 13*i**2 + 4*i - 3. Let s(m) = -5*c(m) - 7*u(m). Give s(-4).
-2
Let y(s) = -s**3 - 7*s**2 + 8*s - 3. Let b = -87 + 93. Let u be b/(-4) + -6 - (-2)/(-4). What is y(u)?
-3
Suppose -4*i + 4 = 0, i = -2*a - 3*a + 66. Let p = a + -8. Suppose -5*u + 5*f = -0*f - 35, -p*u + f + 27 = 0. Let x(v) = v - 1. What is x(u)?
4
Let h be (-24)/(-9)*(-3)/1. Let m(i) = -i**2 - 10*i - 9. Give m(h).
7
Let b(a) = -9 - 7*a**2 - 50*a + a**3 + 4 + 42*a. Let f be (-40)/100*(1 + -21). What is b(f)?
-5
Let w be ((0 + 2)/(-2))/(-1). Let g(a) = 3 + w - 3 - 8*a. What is g(1)?
-7
Suppose 3*u - 13 = -o, u + 11 = 2*u - 3*o. Let b(t) = 4*t**2 - 6*t + 3. Let m(k) = -5*k**2 + 6*k - 2. Let a(h) = -4*b(h) - 3*m(h). Give a(u).
-1
Let y(k) = -k**2 - 8*k - 2. Let r(s) = -s**3 - 8. Let a be r(0). Let b be y(a). Let m(h) = 2 - h**2 + h**2 - h - h**2. Determine m(b).
0
Let j(i) = i**3 - i**2 - 2*i + 1. Let p(c) = -2*c**3 - c**2 + 7*c + 11. Let k be p(-2). Suppose 31 = 11*l + k. Determine j(l).
1
Let x = 0 - -1. Let j(a) = 10*a - 5. Let v = -7 - -13. Let f(c) = -11*c + 6. Let g(p) = v*j(p) + 5*f(p). Determine g(x).
5
Let i(o) = o**2 + 4*o + 3. Suppose 0 = 4*g + 5*l + 2 - 5, 5*g - 5*l = -30. What is i(g)?
0
Suppose 5*z = 25, -2*k = 2*z - 4*z + 6. Let p(d) = -k + 4 + 2*d + 1. Suppose -5*c = -4*l - 0*c - 13, 9 = -2*l + 3*c. Calculate p(l).
9
Suppose -5*r + z = -16, -4*z = r + z + 2. Let p(a) = 10 + 2*a - r - 3*a - a. Suppose d - 4*x + 5 = 0, 0*d + x = -2*d + 17. Determine p(d).
-7
Let c(z) = -11*z**3 + 3*z**2 + 8*z - 8. Let h(s) = -3*s + 2. Let g be h(-2). Let o(q) = -4*q**3 + q**2 + 3*q - 3. Let u(m) = g*o(m) - 3*c(m). Determine u(1).
0
Let f(q) be the first derivative of -1/24*q**4 + 0*q - 5/2*q**2 + 4 - 5/6*q**3. Let u(l) be the second derivative of f(l). Give u(0).
-5
Let w(m) = m**3 + m**2 - m + 19. Let i(a) = 7*a - 30. Let p be i(5). Suppose -4 = -p*y - z, -3*z - 2*z + 20 = -2*y. Determine w(y).
19
Let o(v) = 9*v - 3. Let c(s) = 8*s - 3. Let i(b) = -2*c(b) + 3*o(b). What is i(2)?
19
Let d(u) = -12*u - 8. Let m(p) = -11*p - 7. Let k(l) = 5*d(l) - 6*m(l). Let w = -742 + 740. Determine k(w).
-10
Let p be 2*4*4/16. Let a(m) = -6*m**2. What is a(p)?
-24
Suppose -7*f - 8*f = 7*f. Let j(m) be the third derivative of -1/3*m**3 - 1/8*m**4 + 0*m + f + 2*m**2 + 1/60*m**5. Give j(4).
2
Let y(s) be the first derivative of s**4/4 - s**3 - 3*s**2/2 + 3*s - 85. Give y(3).
-6
Let a(f) be the second derivative of f**4/12 - 2*f**3 - 2*f**2 - 27*f. Suppose -5*z + 62 = 2. Let j be a(z). Let b(g) = -g**2 - 2*g + 5. Determine b(j).
-3
Let v(z) = -31*z - 23*z + 56*z. Let a(m) = m**3 + 3*m**2 + 3*m + 1. Let c be a(-3). Let x(k) = -k - 7. Let n be x(c). Calculate v(n).
2
Let h be (129 + -121)*2/(16/6). Let y(d) = d**2 + 1. Let t(n) = n**2 + 8*n + 3. Let r(x) = -t(x) + 2*y(x). What is r(h)?
-13
Let h(g) = -71*g**2 + 46*g**2 + 58*g**2. Give h(-1).
33
Let d(p) = -2*p**3 + 2*p**2. Let u be d(1). Let k(o) be the third derivative of -o**5/60 + 2*o**3/3 - 11*o**2. What is k(u)?
4
Let i(c) be the third derivative of -c**6/60 - c**5/20 - c**4/24 + c**3/6 - 27*c**2 - 3. Calculate i(-2).
7
Let u(y) = -y**2 + 4*y. Let l be ((-7263)/(-21))/(-3) + (-6)/(-21). Let m = -112 - l. What is u(m)?
3
Let i(n) be the first derivative of n**4/4 - 2*n**3 + n**2 + 2*n + 42. Determine i(6).
14
Suppose 60 = 5*c - 3*b + 11, c - 4*b - 20 = 0. Suppose 12*k - c*k = 0. Let i(o) = 0*o - 3*o**2 - o**3 + 1 + k - o + 5*o. Determine i(-4).
1
Let f(d) be the